, 143977
List the prime factors of 117851.
117851
List the prime factors of 27904983.
3, 9301661
List the prime factors of 21676896.
2, 3, 8363
What are the prime factors of 2747123?
41, 67003
List the prime factors of 113086.
2, 56543
What are the prime factors of 5192626?
2, 787, 3299
What are the prime factors of 5638233?
3, 877, 2143
What are the prime factors of 17767986?
2, 3, 2961331
List the prime factors of 20687648.
2, 139, 4651
List the prime factors of 84441.
3, 7, 4021
List the prime factors of 935923.
61, 67, 229
What are the prime factors of 126852?
2, 3, 11, 31
List the prime factors of 1612236.
2, 3, 134353
List the prime factors of 9741795.
3, 5, 7, 92779
What are the prime factors of 259619?
259619
List the prime factors of 1410517.
47, 30011
List the prime factors of 9429.
3, 7, 449
List the prime factors of 375914.
2, 7, 11, 2441
List the prime factors of 7324611.
3, 7, 89, 3919
What are the prime factors of 941038?
2, 7, 67217
List the prime factors of 335213.
335213
What are the prime factors of 6237626?
2, 307, 10159
List the prime factors of 81313.
31, 43, 61
List the prime factors of 911642.
2, 17, 26813
List the prime factors of 204811.
109, 1879
What are the prime factors of 481085?
5, 11, 8747
List the prime factors of 6053871.
3, 2017957
What are the prime factors of 1885780?
2, 5, 13, 7253
What are the prime factors of 492937?
83, 5939
What are the prime factors of 339508?
2, 13, 6529
What are the prime factors of 72761?
13, 29, 193
What are the prime factors of 189098?
2, 7, 13, 1039
List the prime factors of 208132.
2, 61, 853
List the prime factors of 803767.
491, 1637
What are the prime factors of 164518?
2, 43, 1913
What are the prime factors of 1876791?
3, 7, 89371
List the prime factors of 1822649.
1822649
List the prime factors of 855192.
2, 3, 13, 2741
What are the prime factors of 3449964?
2, 3, 7, 67, 613
What are the prime factors of 1040243?
167, 6229
List the prime factors of 3124568.
2, 71, 5501
What are the prime factors of 25888041?
3, 23, 125063
What are the prime factors of 14052216?
2, 3, 179, 3271
What are the prime factors of 184351?
184351
List the prime factors of 269877.
3, 89959
What are the prime factors of 23932051?
11, 13, 101, 1657
What are the prime factors of 3495729?
3, 827, 1409
What are the prime factors of 175700?
2, 5, 7, 251
What are the prime factors of 9676046?
2, 4838023
List the prime factors of 429754.
2, 13, 16529
List the prime factors of 18874245.
3, 5, 13, 151, 641
List the prime factors of 252899.
252899
List the prime factors of 226666.
2, 11, 10303
List the prime factors of 224337.
3, 74779
List the prime factors of 87852.
2, 3, 7321
What are the prime factors of 1578136?
2, 7, 28181
List the prime factors of 2033701.
149, 13649
List the prime factors of 5970663.
3, 663407
What are the prime factors of 4530491?
7, 92459
What are the prime factors of 330389?
330389
What are the prime factors of 316873?
71, 4463
What are the prime factors of 869562?
2, 3, 16103
List the prime factors of 282228.
2, 3, 29, 811
List the prime factors of 722247.
3, 19, 12671
List the prime factors of 2495736.
2, 3, 17, 2039
List the prime factors of 3073768.
2, 29, 13249
What are the prime factors of 14425?
5, 577
List the prime factors of 2913583.
41, 179, 397
What are the prime factors of 139685?
5, 7, 13, 307
List the prime factors of 4369047.
3, 31, 109, 431
What are the prime factors of 2190120?
2, 3, 5, 18251
List the prime factors of 2107445.
5, 521, 809
List the prime factors of 4912718.
2, 2456359
What are the prime factors of 3277353?
3, 1092451
List the prime factors of 336751.
239, 1409
What are the prime factors of 279687?
3, 93229
What are the prime factors of 1779669?
3, 197741
What are the prime factors of 1978565?
5, 19, 59, 353
List the prime factors of 458805.
3, 5, 73, 419
What are the prime factors of 178973?
178973
What are the prime factors of 16292174?
2, 31, 47, 5591
List the prime factors of 3287342.
2, 19, 86509
List the prime factors of 2129811.
3, 17, 41761
What are the prime factors of 9794945?
5, 311, 6299
What are the prime factors of 8165879?
8165879
What are the prime factors of 1288942?
2, 103, 6257
What are the prime factors of 1376107?
349, 3943
What are the prime factors of 280623?
3, 7, 23, 83
What are the prime factors of 484415?
5, 17, 41, 139
List the prime factors of 7001833.
109, 64237
List the prime factors of 415035.
3, 5, 23, 401
List the prime factors of 27094453.
27094453
What are the prime factors of 625770?
2, 3, 5, 17, 409
List the prime factors of 840800.
2, 5, 1051
What are the prime factors of 9306123?
3, 17, 182473
What are the prime factors of 4379978?
2, 2189989
What are the prime factors of 2055869?
199, 10331
List the prime factors of 3157039.
191, 16529
What are the prime factors of 26323052?
2, 7, 43, 21863
What are the prime factors of 3280137?
3, 7, 109, 1433
List the prime factors of 522989.
522989
List the prime factors of 771024.
2, 3, 16063
List the prime factors of 459221.
7, 17, 227
What are the prime factors of 538023?
3, 19, 9439
List the prime factors of 414728.
2, 47, 1103
List the prime factors of 277782.
2, 3, 67, 691
List the prime factors of 5110062.
2, 3, 851677
List the prime factors of 128778.
2, 3, 13, 127
List the prime factors of 347055.
3, 5, 17, 1361
List the prime factors of 109742.
2, 37, 1483
List the prime factors of 6466684.
2, 7, 41, 43, 131
List the prime factors of 6899357.
41, 168277
What are the prime factors of 2034028?
2, 23, 22109
What are the prime factors of 24430159?
13, 1879243
What are the prime factors of 1254490?
2, 5, 331, 379
List the prime factors of 538998.
2, 3, 89833
What are the prime factors of 502536?
2, 3, 20939
What are the prime factors of 10091960?
2, 5, 157, 1607
List the prime factors of 575829.
3, 7109
What are the prime factors of 640199?
7, 91457
List the prime factors of 255964.
2, 89, 719
List the prime factors of 1887044.
2, 283, 1667
What are the prime factors of 254834?
2, 47, 2711
What are the prime factors of 135213?
3, 13, 3467
What are the prime factors of 2516843?
7, 359549
List the prime factors of 2808648.
2, 3, 13003
List the prime factors of 2666011.
349, 7639
What are the prime factors of 163540?
2, 5, 13, 17, 37
List the prime factors of 7186200.
2, 3, 5, 7, 29, 59
What are the prime factors of 1503125?
5, 13, 37
What are the prime factors of 197025?
3, 5, 37, 71
List the prime factors of 471308.
2, 17, 29, 239
What are the prime factors of 127936?
2, 1999
List the prime factors of 36105.
3, 5, 29, 83
What are the prime factors of 812496?
2, 3, 16927
What are the prime factors of 1678828?
2, 53, 7919
List the prime factors of 293111.
7, 13, 3221
List the prime factors of 1567575.
3, 5, 6967
What are the prime factors of 573132?
2, 3, 7, 6823
List the prime factors of 2410090.
2, 5, 17, 14177
What are the prime factors of 2247543?
3, 249727
List the prime factors of 7300627.
79, 92413
List the prime factors of 3235457.
17, 190321
What are the prime factors of 5597487?
3, 7, 23, 3863
What are the prime factors of 172312?
2, 7, 17, 181
List the prime factors of 6359713.
569, 11177
List the prime factors of 6473156.
2, 149, 10861
What are the prime factors of 9066107?
269, 33703
What are the prime factors of 3409581?
3, 7, 229, 709
What are the prime factors of 172137?
3, 7, 1171
What are the prime factors of 2044173?
3, 59, 11549
What are the prime factors of 284204?
2, 227, 313
What are the prime factors of 12269158?
2, 11, 419
What are the prime factors of 3166189?
13, 243553
List the prime factors of 2416752.
2, 3, 13, 1291
What are the prime factors of 16209174?
2, 3, 2701529
List the prime factors of 103933.
37, 53
List the prime factors of 7284404.
2, 1821101
List the prime factors of 3258342.
2, 3, 181019
List the prime factors of 222020.
2, 5, 17, 653
List the prime factors of 402889.
101, 3989
List the prime factors of 401016.
2, 3, 7, 11, 31
What are the prime factors of 394123?
394123
What are the prime factors of 35035967?
35035967
List the prime factors of 1333048.
2, 166631
List the prime factors of 9465936.
2, 3, 197207
What are the prime factors of 974318?
2, 269, 1811
List the prime factors of 1182354.
2, 3, 197059
List the prime 